{"id":750,"date":"2026-03-08T07:30:40","date_gmt":"2026-03-08T06:30:40","guid":{"rendered":"http:\/\/parafialubiecin.pl\/?page_id=750"},"modified":"2026-03-08T07:30:40","modified_gmt":"2026-03-08T06:30:40","slug":"gorzkie-zale-czesc-3","status":"publish","type":"page","link":"http:\/\/parafialubiecin.pl\/index.php\/gorzkie-zale-czesc-3\/","title":{"rendered":"Gorzkie \u017cale cz\u0119\u015b\u0107 3"},"content":{"rendered":"\n    \n    <section class=\"u-clearfix u-section-2\" id=\"sec-4e94\">\n      <div class=\"u-clearfix u-sheet u-sheet-1\">\n        <div class=\"u-border-6 u-border-custom-color-12 u-expanded-width u-line u-line-horizontal u-line-1\"><\/div>\n        <h2 class=\"u-text u-text-custom-color-13 u-text-default u-text-1\"> CZ\u0118\u015a\u0106 III<\/h2>\n        <div class=\"u-border-3 u-border-grey-dark-1 u-line u-line-vertical u-line-2\"><\/div>\n        <p class=\"u-text u-text-default u-text-2\"> &nbsp;&nbsp;&nbsp;&nbsp;&nbsp;&nbsp;\u200b\nW tej\nostatniej cz\u0119\u015bci b\u0119dziemy rozwa\u017cali, co Pan Jezus wycierpia\u0142 od chwili\nukoronowania a\u017c do ci\u0119\u017ckiego skonania na krzy\u017cu. Te blu\u017anierstwa, zel\u017cywo\u015bci i\nzniewagi, jakie Mu wyrz\u0105dzano, ofiarujemy za grzesznik\u00f3w zatwardzia\u0142ych, aby\nZbawiciel pobudzi\u0142 ich serca zb\u0142\u0105kane do pokuty i prawdziwej \u017cycia poprawy oraz\nza dusze w czy\u015b\u0107cu cierpi\u0105ce, aby im lito\u015bciwy Jezus krwi\u0105 swoj\u0105 \u015bwi\u0119t\u0105 ogie\u0144\nzagasi\u0142; prosimy nadto, by i nam wyjedna\u0142 na godzin\u0119 \u015bmierci skruch\u0119 za grzechy\ni szcz\u0119\u015bliwe w \u0142asce Bo\u017cej wytrwanie. <\/p>\n      <\/div>\n    <\/section>\n    <section class=\"u-clearfix u-section-3\" id=\"sec-c371\">\n      <div class=\"u-clearfix u-sheet u-sheet-1\">\n        <div class=\"u-border-3 u-border-grey-40 u-container-style u-custom-color-12 u-expanded-width u-group u-group-1\">\n          <div class=\"u-container-layout u-container-layout-1\">\n            <h1 class=\"u-align-center u-text u-text-default u-text-1\">POB\u200bU\u200bDKA<\/h1>\n          <\/div>\n        <\/div>\n        <p class=\"u-align-center u-text u-text-2\"> Gorzkie \u017cale, przybywajcie, Serca nasze przenikajcie, Serca nasze przenikajcie,<br> Rozp\u0142y\u0144cie si\u0119, me \u017arenice, Toczcie smutnych \u0142ez krynice.<br>S\u0142o\u0144ce, gwiazdy omdlewaj\u0105, \u017ba\u0142ob\u0105 si\u0119 pokrywaj\u0105, <br>P\u0142acz\u0105 rzewnie Anio\u0142owie, A kt\u00f3\u017c \u017ca\u0142o\u015b\u0107 ich wypowie, A kt\u00f3\u017c \u017ca\u0142o\u015b\u0107 ich wypowie?<br>Opoki si\u0119 twarde kraj\u0105, Z grob\u00f3w umarli powstaj\u0105, <br>C\u00f3\u017c jest, pytam, co si\u0119 dzieje? Wszystko stworzenie truchleje!<br>Na b\u00f3l M\u0119ki Chrystusowej, \u017bal przejmuje bez wymowy,<br> Uderz, Jezu, bez odw\u0142oki, W twarde serc naszych opoki!<br>Jezu m\u00f3j, we krwi ran Swoich, Obmyj dusz\u0119 z grzech\u00f3w moich! <br>Upa\u0142 serca swego ch\u0142odz\u0119, Gdy w przepa\u015b\u0107 M\u0119ki Twej wchodz\u0119..\n        <\/p>\n      <\/div>\n    <\/section>\n    <section class=\"u-clearfix u-section-4\" id=\"sec-a26e\">\n      <div class=\"u-clearfix u-sheet u-sheet-1\">\n        <div class=\"u-border-3 u-border-grey-40 u-container-style u-custom-color-12 u-expanded-width u-group u-group-1\">\n          <div class=\"u-container-layout u-container-layout-1\">\n            <h1 class=\"u-align-center u-text u-text-default u-text-1\"> HYMN<\/h1>\n          <\/div>\n        <\/div>\n        <p class=\"u-text u-text-2\"> Duszo\nozi\u0119b\u0142a, czemu nie gorejesz? <br> Serce me, czemu ca\u0142e nie truchlejesz? <br> Toczy tw\u00f3j Jezus z ognistej mi\u0142o\u015bci <br> Krew w obfito\u015bci. <br>\n          <br> Ogie\u0144\nmi\u0142o\u015bci, gdy Go tak rozpala, <br>Sromotne drzewo na ramiona zwala; <br> Zemdlony Jezus pod krzy\u017cem ukl\u0119ka, <br> J\u0119czy i st\u0119ka.<br>\n          <br> Okrutnym\nkatom pos\u0142uszny si\u0119 staje, <br> R\u0119ce i nogi przebi\u0107 sobie daje, <br> Wisi na krzy\u017cu, b\u00f3l ponosi srogi<br> Nasz Zbawca drogi! <br>\n          <br> O s\u0142odkie\ndrzewo, spu\u015b\u0107\u017ce nam ju\u017c Cia\u0142o, <br> Aby na tobie d\u0142u\u017cej nie wisia\u0142o! <br> My je uczciwie w grobie po\u0142o\u017cymy, <br> P\u0142acz uczynimy.<br>\n          <br>&nbsp;Oby si\u0119\nserce we \u0142zy rozp\u0142ywa\u0142o, <br> \u017be Ci\u0119, m\u00f3j Jezu, spro\u015bnie obra\u017ca\u0142o! <br> \u017bal mi, ach, \u017cal mi ci\u0119\u017ckich moich z\u0142o\u015bci, <br> Dla Twej mi\u0142o\u015bci! <br>\n          <br>Niech Ci,\nm\u00f3j Jezu, cze\u015b\u0107 b\u0119dzie w wieczno\u015bci <br> Za Twe obelgi, m\u0119ki, zel\u017cywo\u015bci, <br> Kt\u00f3re\u015b ochotnie, Syn Boga jedyny, <br> Cierpia\u0142 bez winy! \n        <\/p>\n      <\/div>\n    <\/section>\n    <section class=\"u-clearfix u-section-5\" id=\"sec-dda9\">\n      <div class=\"u-clearfix u-sheet u-sheet-1\">\n        <div class=\"u-border-3 u-border-grey-40 u-container-style u-custom-color-12 u-expanded-width u-group u-group-1\">\n          <div class=\"u-container-layout u-container-layout-1\">\n            <h1 class=\"u-align-center u-text u-text-default u-text-1\"> LAMENT DUSZY NAD CIERPI\u0104CYM  JEZUSEM<\/h1>\n          <\/div>\n        <\/div>\n        <p class=\"u-text u-text-2\"> Jezu, od\nposp\u00f3lstwa niezbo\u017cnie, jako z\u0142oczy\u0144ca z \u0142otry por\u00f3wnany, Jezu m\u00f3j kochany! <br> Jezu, przez\nPi\u0142ata nies\u0142usznie ,na \u015bmier\u0107 krzy\u017cow\u0105 za ludzi skazany, Jezu m\u00f3j kochany!<br> Jezu, srogim\nkrzy\u017ca ci\u0119\u017carem ,na kalwaryjskiej drodze zmordowany, Jezu m\u00f3j kochany!<br>&nbsp;Jezu, do\nsromotnego drzewa ,przyt\u0119pionymi gwo\u017ad\u017ami przykowany, Jezu m\u00f3j kochany! <br> Jezu, jawnie\npo\u015br\u00f3d dwu \u0142otr\u00f3w, na drzewie ha\u0144by ukrzy\u017cowany, Jezu m\u00f3j kochany! <br> Jezu, od\nstoj\u0105cych woko\u0142o, i przechodz\u0105cych szyderczo wy\u015bmiany, Jezu m\u00f3j kochany! <br>Jezu,\nblu\u017anierstwami od z\u0142ego, wsp\u00f3\u0142wisz\u0105cego \u0142otra wyszydzany, Jezu m\u00f3j kochany! <br> Jezu, gorzk\u0105\n\u017c\u00f3\u0142ci\u0105 i octem w wielkim pragnieniu swoim napawany, Jezu m\u00f3j kochany! <br> Jezu, w swej\nmi\u0142o\u015bci niezmiernej jeszcze po \u015bmierci w\u0142\u00f3czni\u0105 przeorany,Jezu m\u00f3j kochany! <br> Jezu, od\nJ\u00f3zefa uczciwie i Nikodema w grobie pochowany, Jezu m\u00f3j kochany!<br>\n          <br> B\u0105d\u017a\npozdrowiony, b\u0105d\u017a pochwalony, dla nas zm\u0119czony i krwi\u0105 zbroczony.<br> B\u0105d\u017a\nuwielbiony! B\u0105d\u017a wys\u0142awiony! Bo\u017ce niesko\u0144czony! \n        <\/p>\n      <\/div>\n    <\/section>\n    <section class=\"u-clearfix u-section-6\" id=\"sec-b12f\">\n      <div class=\"u-clearfix u-sheet u-sheet-1\">\n        <div class=\"custom-expanded u-border-3 u-border-grey-40 u-container-style u-custom-color-12 u-group u-group-1\">\n          <div class=\"u-container-layout u-container-layout-1\">\n            <h1 class=\"u-align-center u-text u-text-default u-text-1\"> ROZMOWA DUSZY Z MATK\u0104 BOLESN\u0104<\/h1>\n          <\/div>\n        <\/div>\n        <p class=\"u-text u-text-2\"> Ach, Ja\nMatka bole\u015bciwa, Pod krzy\u017cem stoj\u0119 smutliwa, Serce \u017ca\u0142o\u015b\u0107 przejmuje.<br>O Matko, niechaj\nprawdziwie, Patrz\u0105c na krzy\u017c \u017ca\u0142o\u015bliwie, P\u0142acz\u0119 z Tob\u0105 rzewliwie.<br> Ju\u017cci, ju\u017c\nmoje Kochanie Gotuje si\u0119 na skonanie! To\u0107 i ja z Nim umieram! <br> Pragn\u0119,\nMatko, zosta\u0107 z Tob\u0105, Dzieli\u0107 si\u0119 Twoj\u0105 \u017ca\u0142ob\u0105 \u015amierci Syna Twojego.<br>&nbsp;Zamkn\u0105\u0142\ns\u0142odk\u0105 Jezus mow\u0119, Ju\u017c ku ziemi sk\u0142ania g\u0142ow\u0119, \u017begna ju\u017c Matk\u0119 swoj\u0105! <br> O Maryjo,\nCiebie prosz\u0119, Niech Jezusa rany nosz\u0119 I serdecznie rozwa\u017cam. <br>\n          <br> ( 3 razy: <i>Kt\u00f3ry\u015b za nas cierpia\u0142 rany<\/i>) \n        <\/p>\n      <\/div>\n    <\/section>\n    \n    \n    \n  \n","protected":false},"excerpt":{"rendered":"<p>CZ\u0118\u015a\u0106 III &nbsp;&nbsp;&nbsp;&nbsp;&nbsp;&nbsp;\u200b W tej ostatniej cz\u0119\u015bci b\u0119dziemy rozwa\u017cali, co Pan Jezus wycierpia\u0142 od chwili ukoronowania a\u017c do ci\u0119\u017ckiego skonania na krzy\u017cu. Te blu\u017anierstwa, zel\u017cywo\u015bci i zniewagi, jakie Mu wyrz\u0105dzano, ofiarujemy za grzesznik\u00f3w zatwardzia\u0142ych, aby Zbawiciel pobudzi\u0142 ich serca zb\u0142\u0105kane do pokuty i prawdziwej \u017cycia poprawy oraz za dusze w czy\u015b\u0107cu cierpi\u0105ce, aby im lito\u015bciwy &hellip; <a href=\"http:\/\/parafialubiecin.pl\/index.php\/gorzkie-zale-czesc-3\/\" class=\"more-link\">Continue reading<span class=\"screen-reader-text\"> &#8222;Gorzkie \u017cale cz\u0119\u015b\u0107 3&#8221;<\/span><\/a><\/p>\n","protected":false},"author":2,"featured_media":0,"parent":0,"menu_order":0,"comment_status":"closed","ping_status":"closed","template":"","meta":{"footnotes":""},"class_list":["post-750","page","type-page","status-publish","hentry"],"_links":{"self":[{"href":"http:\/\/parafialubiecin.pl\/index.php\/wp-json\/wp\/v2\/pages\/750","targetHints":{"allow":["GET"]}}],"collection":[{"href":"http:\/\/parafialubiecin.pl\/index.php\/wp-json\/wp\/v2\/pages"}],"about":[{"href":"http:\/\/parafialubiecin.pl\/index.php\/wp-json\/wp\/v2\/types\/page"}],"author":[{"embeddable":true,"href":"http:\/\/parafialubiecin.pl\/index.php\/wp-json\/wp\/v2\/users\/2"}],"replies":[{"embeddable":true,"href":"http:\/\/parafialubiecin.pl\/index.php\/wp-json\/wp\/v2\/comments?post=750"}],"version-history":[{"count":5,"href":"http:\/\/parafialubiecin.pl\/index.php\/wp-json\/wp\/v2\/pages\/750\/revisions"}],"predecessor-version":[{"id":759,"href":"http:\/\/parafialubiecin.pl\/index.php\/wp-json\/wp\/v2\/pages\/750\/revisions\/759"}],"wp:attachment":[{"href":"http:\/\/parafialubiecin.pl\/index.php\/wp-json\/wp\/v2\/media?parent=750"}],"curies":[{"name":"wp","href":"https:\/\/api.w.org\/{rel}","templated":true}]}}